0100 (base 2) to base 14
668
What is 352 (base 7) in base 3?
20211
-663 (base 8) to base 12
-303
-103a (base 15) to base 9
-4631
What is 3765 (base 8) in base 6?
13233
Convert -698 (base 13) to base 16.
-473
What is -3123311 (base 4) in base 15?
-427e
What is 25111 (base 6) in base 8?
7203
Convert -289 (base 16) to base 9.
-801
What is -276 (base 13) in base 3?
-121010
-2543 (base 10) to base 8
-4757
What is 975 (base 11) in base 16?
493
Convert -218 (base 11) to base 10.
-261
110202 (base 4) to base 11
a95
What is 1203433 (base 5) in base 9?
33613
What is 6592 (base 10) in base 3?
100001011
Convert 1687 (base 14) to base 6.
30411
What is -1001100 (base 3) in base 13?
-46b
What is -14c (base 14) in base 8?
-410
What is -bb5 (base 12) in base 5?
-23341
-21752 (base 10) to base 13
-9b93
-20121 (base 4) to base 3
-201220
Convert -1030 (base 11) to base 3.
-1212112
What is 177154 (base 8) in base 5?
4041012
Convert -3136 (base 8) to base 5.
-23010
592 (base 10) to base 9
727
3b4 (base 13) to base 7
1623
What is -21120 (base 3) in base 15?
-d9
181 (base 10) to base 12
131
Convert 21013 (base 5) to base 13.
825
11102 (base 4) to base 6
1322
1006 (base 11) to base 7
3620
34434 (base 6) to base 2
1001100110110
What is -13211120 (base 4) in base 3?
-1120121112
4687 (base 14) to base 6
132451
784 (base 13) to base 12
8b7
What is 2719 (base 12) in base 10?
4485
What is -12c6 (base 15) in base 7?
-14460
What is -594 (base 10) in base 2?
-1001010010
Convert -3323 (base 4) to base 6.
-1055
-33223 (base 4) to base 14
-519
101001011000 (base 2) to base 11
1a98
-24 (base 13) to base 16
-1e
What is -1067 (base 9) in base 14?
-406
What is -3305 (base 8) in base 3?
-2101012
What is -14847 (base 11) in base 6?
-241052
Convert -b1d (base 15) to base 2.
-100111000111
Convert 1210103 (base 4) to base 8.
14423
What is 5372 (base 9) in base 4?
331301
-44ae (base 16) to base 5
-1030312
-121201002 (base 3) to base 16
-2f93
Convert 312443 (base 5) to base 10.
10373
What is 1211211110 (base 3) in base 7?
210624
-4096a (base 11) to base 10
-59729
36503 (base 10) to base 16
8e97
-e85 (base 15) to base 13
-164c
What is 13206 (base 8) in base 5?
141031
What is -2534 (base 8) in base 14?
-700
Convert 2101221 (base 4) to base 13.
4320
What is -400 (base 9) in base 3?
-110000
What is 8186 (base 13) in base 5?
1032410
What is 1021020 (base 3) in base 10?
924
-223050 (base 7) to base 13
-14c7c
Convert 1577 (base 15) to base 3.
20022211
511 (base 10) to base 13
304
What is -1111 (base 2) in base 14?
-11
-12303 (base 9) to base 15
-26b0
5ed (base 15) to base 16
544
Convert 11130131 (base 4) to base 11.
15834
569 (base 10) to base 14
2c9
33ad (base 14) to base 6
105313
10743 (base 10) to base 16
29f7
-ba72 (base 13) to base 3
-1022121010
Convert -3121 (base 8) to base 7.
-4500
What is -4205 (base 9) in base 11?
-2353
100302 (base 4) to base 10
1074
657 (base 9) to base 12
38a
What is 33a (base 12) in base 9?
581
Convert 2842 (base 16) to base 10.
10306
2013013 (base 4) to base 2
10000111000111
-120b2 (base 15) to base 10
-57542
116 (base 14) to base 2
11011000
What is -4100 (base 13) in base 14?
-339b
Convert 1101 (base 15) to base 13.
1840
Convert -8599 (base 12) to base 6.
-151513
What is 682 (base 9) in base 14?
2c0
6022 (base 8) to base 10
3090
-16939 (base 10) to base 8
-41053
Convert -31221 (base 4) to base 12.
-609
58322 (base 9) to base 4
21133310
Convert 763 (base 13) to base 3.
1201211
12020202 (base 3) to base 12
226b
What is -509 (base 11) in base 2?
-1001100110
Convert 26979 (base 12) to base 14.
15581
What is 4210 (base 7) in base 3?
2000201
-211022 (base 3) to base 14
-310
What is 74 (base 13) in base 5?
340
-111010101100 (base 2) to base 5
-110011
What is -b87 (base 16) in base 12?
-185b
Convert -11457 (base 8) to base 5.
-124121
-2c3 (base 13) to base 7
-1310
Convert -1117 (base 14) to base 2.
-101110010001
Convert -12111102 (base 3) to base 5.
-112012
-45414 (base 7) to base 5
-332101
4511 (base 9) to base 16
d03
What is 200210 (base 3) in base 9?
623
What is 46561 (base 7) in base 8?
27256
-2110 (base 7) to base 8
-1346
Convert -1565 (base 8) to base 4.
-31311
Convert 1514 (base 8) to base 14.
444
32245 (base 6) to base 14
187b
289 (base 11) to base 2
101010011
What is -102002100 (base 3) in base 7?
-32364
-13332 (base 4) to base 9
-626
What is -1e4 (base 15) in base 8?
-667
Convert 353b (base 12) to base 8.
13477
Convert -14224 (base 8) to base 12.
-3784
What is -693 (base 10) in base 4?
-22311
-a95 (base 15) to base 9
-3245
What is 3e01 (base 15) in base 6?
141244
What is -671 (base 8) in base 9?
-540
What is 112120012 (base 3) in base 16?
2978
Convert 1465 (base 8) to base 3.
1010102
14201 (base 5) to base 15
536
What is -4b8c (base 16) in base 9?
-28468
235 (base 6) to base 9
115
928 (base 12) to base 4
110300
155b2 (base 12) to base 7
154064
-643 (base 10) to base 7
-1606
Convert -1005 (base 7) to base 15.
-183
1010100110000 (base 2) to base 3
21102220
-38b (base 15) to base 10
-806
12311 (base 5) to base 4
32330
1101111111001 (base 2) to base 12
4189
-4150 (base 6) to base 15
-420
Convert 36441 (base 8) to base 2.
11110100100001
What is 2101111 (base 3) in base 9?
2344
Convert -1985 (base 10) to base 11.
-1545
What is 1710 (base 15) in base 12?
2a59
deb8 (base 16) to base 5
3311031
-33123 (base 6) to base 7
-16242
Convert -705 (base 8) to base 15.
-203
-246 (base 11) to base 3
-101211
What is 200a4 (base 11) in base 13?
104c3
-547 (base 12) to base 2
-1100000111
What is 8157 (base 9) in base 8?
13515
b05 (base 12) to base 13
953
Convert -bb1 (base 16) to base 13.
-1493
What is 10768 (base 9) in base 10?
7190
Convert 213110 (base 4) to base 5.
40031
Convert 6802 (base 9) to base 15.
174e
-622 (base 11) to base 9
-1023
What is 3884 (base 10) in base 16?
f2c
3130 (base 6) to base 8
1276
Convert -200 (base 7) to base 8.
-142
What is 30e (base 16) in base 14?
3dc
Convert -3525 (base 9) to base 4.
-220313
213a (base 11) to base 9
3780
Convert -2308 (base 12) to base 3.
-12100022
Convert -355 (base 15) to base 3.
-1000222
Convert -355 (base 6) to base 9.
-168
1444 (base 5) to base 4
3321
2b2a (base 16) to base 15
341a
What is -dc (base 16) in base 5?
-1340
-570 (base 11) to base 12
-48a
-23811 (base 9) to base 8
-37137
What is 22a7 (base 15) in base 12?
4311
What is 3532 (base 14) in base 5?
244011
What is 177 (base 11) in base 2?
11001101
24a1 (base 16) to base 8
22241
What is 1110101111 (base 2) in base 13?
577
What is 10110011101 (base 2) in base 6?
10353
-231033 (base 4) to base 5
-43040
Convert -1120112 (base 3) to base 11.
-954
What is -1102 (base 4) in base 14?
-5c
What is -1462 (base 9) in base 7?
-3143
What is 262 (base 14) in base 7?
1252
What is -448 (base 9) in base 3?
-111122
Convert 350 (base 16) to base 13.
503
Convert 4d3 (base 14) to base 9.
1286
8127 (base 9) to base 14
2242
What is 3987 (base 10) in base 5?
111422
1543 (base 12) to base 7
10200
What is 2011100100 (base 3) in base 2?
1010011000100110
-10612 (base 9) to base 6
-52402
Convert -24243 (base 10) to base 14.
-8b99
Convert 3341 (base 5) to base 3.
122110
What is c9 (base 13) in base 12?
119
Convert 6c (base 13) to base 12.
76
What is -862 (base 12) in base 8?
-2312
What is 200122121 (base 3) in base 10?
13597
What is -301100 (base 5) in base 6?
-112033
116d9 (base 14) to base 5
2330102
Convert 211010 (base 4) to base 9.
3225
Convert 10111010 (base 2) to base 4.
2322
Convert -446 (base 9) to base 5.
-2431
Convert 1836 (base 13) to base 14.
144a
Convert -299 (base 16) to base 8.
-1231
-975 (base 11) to base 12
-817
Convert -10032 (base 7) to base 9.
-3283
What is -1011010010110 (base 2) in base 10?
-5782
What is 2010212 (base 3) in base 10?
1562
Convert -211034 (base 5) to base 8.
-15553
What is 4325 (base 6) in base 14?
509
16111 (base 7) to base 15
1511
-8 (base 10) to base 4
-20
-352b (base 14) to base 3
-110200122
What is -2130212 (base 4) in base 7?
-41135
-512 (base 9) to base 7
-1133
Convert 2a8 (base 11) to base 5.
2420
What is -2707 (base 8) in base 15?
-689
What is 101333 (base 4) in base 10?
1151
-b77 (base 14) to base 5
-33021
1115015 (base 6) to base 5
3304234
Convert -a56b (base 13) to base 15.
-6bbe
What is 53727 (base 8) in base 14?
82a3
What is -1033 (base 10) in base 3